thousands digit of f?
5
Suppose 1785 = 8*g - 87. Suppose -5*s + 3*q = -7*s - 229, s + 118 = 2*q. Let j = g + s. What is the hundreds digit of j?
1
What is the units digit of 207/(-1)*(-30 + -7)?
9
Suppose 0 = 2*u - 2*v - 2, 3*u + 46*v + 17 = 44*v. Let z(f) = f**3 - 4*f**2 + 3. Let y be z(4). What is the units digit of -3 - (-13 + y/u)?
1
Let k(r) = -3*r**3 - 159*r**2 + 161*r + 135. What is the ten thousands digit of k(-57)?
2
Let n(q) = -155*q - 193. What is the thousands digit of n(-33)?
4
Let i(a) = -30*a - 12. Suppose -u + 2 - 5 = 0. Let r be i(u). Let p = r - 60. What is the tens digit of p?
1
Suppose 43*g - 45*g = -24. Suppose i + q - g = -3, 0 = 3*i - 4*q + 1. Suppose 0 = i*w - 28 + 18. What is the units digit of w?
2
Suppose -12 = 4*t + 4*n, -4*t = -2*n - 9 - 9. Suppose -z + 14 = 4*w, 2*z - w = -t*z + 141. What is the units digit of z?
4
Let q = -94077 - -158733. What is the ten thousands digit of q?
6
Let k(q) = q**3 + 8*q**2 - 11*q - 22. Let l(a) = 2*a + 5. Let t be l(-7). Let h be k(t). What is the tens digit of (-236)/(-3) + -5 + h/6?
7
Suppose 1154*y - 1157*y + 4521 = 0. What is the units digit of y?
7
Suppose -108*s + 20907 + 397161 = 0. What is the hundreds digit of s?
8
Suppose n + 2*g = -153 + 31, -n - 4*g - 120 = 0. Let z = 107 - n. What is the hundreds digit of z?
2
Suppose -8*o - 2*c = -12*o + 32, 29 = 3*o - 4*c. Suppose 0 = -3*z, -v - o*z + 6*z = -1052. What is the thousands digit of v?
1
Suppose 8 + 592 = 25*b. Let v(a) = -a**3 + 25*a**2 - 2*a + 41. What is the units digit of v(b)?
9
Let l = -3558 + 15443. What is the thousands digit of l?
1
Suppose 32 = 5*u + 10*i - 7*i, -2*i = 4*u - 24. Suppose -u*r + 88 = -4*j, 2*r = -5*j + 2 + 7. Suppose r = 15*q - 28. What is the units digit of q?
3
Suppose -2176 = -23*y + 5046. Let o = y + -274. What is the tens digit of o?
4
Suppose -3*g = 5*r - 54068, -551*g + 553*g - 36045 = -3*r. What is the ten thousands digit of g?
1
Suppose -3*t + 136 = -0*t - 5*o, t + 5*o - 12 = 0. Let n = 1 + t. What is the units digit of n?
8
Suppose -122*r + 120*r = -10785 - 9425. What is the units digit of r?
5
Let w(z) = 8*z**2 + 3*z - 15. Let m be w(-5). Let i = -523 + m. What is the hundreds digit of i/(-3) + (-18)/(-54)?
1
Suppose 101*k - 87*k + 11942 = 0. Let b = k + 1625. What is the hundreds digit of b?
7
Let i(c) = -c**2 - 15*c + 65. Let t(v) = v**2 + v - 19. Let s be t(0). Let o be i(s). Let z = 119 + o. What is the hundreds digit of z?
1
Suppose 0 = w - 8*w - 28. Let t be -3 - (w/(-4) - 4). Suppose t = r - 1 - 9. What is the units digit of r?
0
Suppose -7 = -n, -37*n - 58965 = -4*w - 40*n. What is the tens digit of w?
3
Let v = -116 - -116. Suppose -2*h = 4*i - v*h - 1838, 2*i - 939 = -5*h. What is the units digit of i?
7
Let j = 348 + -185. Suppose -5*w + 62*m + 340 = 65*m, m + 360 = 5*w. Let p = j - w. What is the tens digit of p?
9
Suppose 7*q - 17477 - 3740 = 0. Let z be q/28 + (-1)/4. Suppose 3*o + 3*j = z, -3*o + 0*o + 5*j + 84 = 0. What is the units digit of o?
3
Let w(f) = 15*f**2 - 29*f + 16. Let b be (6/45*-3)/((-5)/150). What is the tens digit of w(b)?
2
Let i = 8 + -2. Let g be (i + 2)/(2 + 0). Suppose g*m + 2*b - 120 = 460, 421 = 3*m - 2*b. What is the hundreds digit of m?
1
Let u(a) = 433*a - 48. Let f be u(5). Let v = -1092 + f. What is the units digit of v?
5
Suppose -26695 = -5*j - 5*c, 0 = 2*j + 2*j - 5*c - 21311. Suppose 27*s - 33*s = -j. What is the tens digit of s?
8
Suppose 75*g = 77*g + y - 2951, y = -4*g + 5907. What is the thousands digit of g?
1
Let a(x) = x**3 - 3*x**2 - 4*x + 1. Let k be a(4). What is the hundreds digit of k*(6 - -331 - 0)?
3
Suppose 0 = 9*w - 12791 - 9430. What is the tens digit of w?
6
Let y = 202 - 90. Let u be 2 + 2 - 2 - -170. Let a = u - y. What is the tens digit of a?
6
Let i(j) = 13*j + 23. Let a be (36/(-8))/(2/(-4)). Let l be i(a). Suppose d = -4*d + l. What is the tens digit of d?
2
Let t = 434 - 631. Let a = t - -670. What is the tens digit of a?
7
Let l = 14194 + 4214. What is the units digit of l?
8
Let d(b) = -3*b**3 + 5*b**2 + 4*b - 1. Let f be d(-5). Suppose 2*a = -3*p - f, -4*a + a + 4*p = 676. Let w = -164 - a. What is the tens digit of w?
6
Let f(n) = -1771*n - 6852. What is the hundreds digit of f(-16)?
4
Let y = -37 + 40. Let k be y + -3 + (221 - (-2)/2). Suppose l - 452 = -4*o - 3*l, 0 = -2*o - l + k. What is the units digit of o?
9
Let n(m) = -m**2 + 7*m + 16. Let k be n(8). Let f(o) = o**3 - 5*o**2 - 16*o + 6. Let g be f(k). Let s = 99 - g. What is the tens digit of s?
2
Let z = 8397 - 910. What is the units digit of z?
7
Let m = 28 - 14. Suppose -5*f = 4 - m. Suppose -f*y + 68 = -56. What is the tens digit of y?
6
Suppose -3*r + 5*j = 15, 3*j = -4*r + 8 + 1. Suppose -300 = -3*u - r*u. Suppose 6*t + u = 11*t. What is the tens digit of t?
2
Let n(a) = -4*a**2 - 139*a - 40. What is the tens digit of n(-25)?
3
Let l = 43 + -35. What is the tens digit of (-281*(l - 6))/(-2)?
8
Suppose -j + 6*j + 2*d = 171998, 4*d + 34426 = j. What is the ten thousands digit of j?
3
Let d(t) = t**3 + t**2 - 3*t + 1. Let s be d(2). Let r(v) = v**2 - 2*v - 6. Let k be r(s). Let f = k - -5. What is the tens digit of f?
3
Let q = -179 - -27819. What is the units digit of q?
0
Let k(q) = -q**2 + 30*q + 11. Let d(i) = i**2 - 31*i - 11. Let f(u) = 6*d(u) + 7*k(u). Let c be f(12). Let o = -71 + c. What is the units digit of o?
4
Let p(d) = -d - 12. Let u be p(-13). Let z be (6/9)/(u/(-3)). What is the units digit of -3*(z - -3) + 41?
8
Let i = 25394 + -3328. What is the hundreds digit of i?
0
Let w be (48/(-64))/(2/48). Suppose -3*c = -7*c + 144. Let z = c - w. What is the tens digit of z?
5
Suppose -778*z - 10705261 = -2046555 - 77616736. What is the ten thousands digit of z?
8
What is the ten thousands digit of (-315)/(34 + -13) + 45460?
4
Let s be (-536)/6*(-1 - 41). Suppose -8*q = -12*q - s. What is the units digit of ((q/21)/((-4)/(-6)))/(-1)?
7
Let r = -72 - -337. Let j = -26 + r. What is the units digit of j?
9
What is the tens digit of (-1 - 2)/(6/14) - -367?
6
Suppose -2*a = -3*c + 740, 3*c + 0*c - 12 = 0. Let r = a + 94. What is the units digit of -5 + r/(-1) - 5?
0
Let j be 1062/(-7) + (-4)/14. Suppose 6*i = 809 + 769. Let v = j + i. What is the tens digit of v?
1
What is the thousands digit of 1066044/70 + 21/120 + 18/(-48)?
5
Let k = -49 - -56. Suppose -k*i = r - 3*i - 1219, 0 = 5*r - 5*i - 6120. What is the hundreds digit of r?
2
Suppose 0 = -2*y + 3*q + 6 + 11, 0 = -3*y + 4*q + 24. What is the units digit of ((-6)/y*-2)/(39/299)?
3
Let v be (-4)/10 + (-11)/(-15) - 85/(-15). Suppose -5*u = -r - 28, -2*r = 2*u + 1 - 5. What is the hundreds digit of 0 + (-209)/(v/r - -1)?
2
Suppose 501*p + 34720 = 506*p. What is the tens digit of p?
4
Suppose -23*v + 8*v - 11250 = 0. What is the units digit of (-1)/(-6) - 926875/v?
6
Suppose -28*l + 139432 = -37962 + 49966. What is the units digit of l?
1
Let u be 1 + 22585 + 184/23. Suppose 110*x = 97*x + u. What is the thousands digit of x?
1
Suppose 17*j = -3*j + 60. Suppose 3*g - 10944 = j*q, 6*q - q = -g + 3660. What is the units digit of ((-2)/(-5))/(5 - 18245/g)?
2
What is the units digit of ((-26451)/12)/(54/(-72))?
9
Let o(r) = 67*r - 8. Let y be o(8). Let f = -127 + y. What is the hundreds digit of f?
4
Suppose 91*h - 104*h = -89427. What is the units digit of h?
9
Let z = -80 + 86. Let l be (3 - -6 - z)*2*1. Suppose 0 = -3*r + l*r - 315. What is the hundreds digit of r?
1
Let k(c) = -6*c**2 + 10*c - 19. Let b(z) = -z**2 - 4. Let r(u) = 5*b(u) - k(u). Let j = 47 + -30. What is the tens digit of r(j)?
1
Suppose k - 10273 = -5*z, 65*k + 4*z + 20602 = 67*k. What is the units digit of k?
3
Let t(a) = 5*a - 19. Let i be t(10). Suppose -i*y + 572 = -30*y. What is the hundreds digit of y?
5
Suppose -10 = -9*u - u. Suppose 8*o = 31 + u. What is the tens digit of (3*(109 + 4))/(6/o)?
2
Let i = -31 - -33. What is the units digit of (34/7 + i)/(10/105)?
2
Let s(k) = 1868*k**2 + 56 + 63 - 8*k - 1866*k**2. What is the tens digit of s(17)?
6
Let o = 110391 - 42650. What is the ten thousands digit of o?
6
Let q(c) = -8*c + 56. Let l = 6 - 0. Let z be q(l). What is the units digit of z/(-12)*(-222)/1?
8
Let j = -14855 - -29813. What is the hundreds digit of j?
9
Suppose 0 = 2*b, 9*i + 20 = 14*i + b. Suppose 7*r 